[INFO] cloning repository https://github.com/lukeasrodgers/rust-cat
[INFO] running `Command { std: "git" "-c" "credential.helper=" "-c" "credential.helper=/workspace/cargo-home/bin/git-credential-null" "clone" "--bare" "https://github.com/lukeasrodgers/rust-cat" "/workspace/cache/git-repos/https%3A%2F%2Fgithub.com%2Flukeasrodgers%2Frust-cat", kill_on_drop: false }`
[INFO] [stderr] Cloning into bare repository '/workspace/cache/git-repos/https%3A%2F%2Fgithub.com%2Flukeasrodgers%2Frust-cat'...
[INFO] running `Command { std: "git" "rev-parse" "HEAD", kill_on_drop: false }`
[INFO] [stdout] 5370ffcfd7ab7468e4335cab5e363154eaaeeb8a
[INFO] checking lukeasrodgers/rust-cat against master#af3c6e733a40e671550e0f0f5aeecaa13772ba56 for pr-74989
[INFO] running `Command { std: "git" "clone" "/workspace/cache/git-repos/https%3A%2F%2Fgithub.com%2Flukeasrodgers%2Frust-cat" "/workspace/builds/worker-1/source", kill_on_drop: false }`
[INFO] [stderr] Cloning into '/workspace/builds/worker-1/source'...
[INFO] [stderr] done.
[INFO] validating manifest of git repo https://github.com/lukeasrodgers/rust-cat on toolchain af3c6e733a40e671550e0f0f5aeecaa13772ba56
[INFO] running `Command { std: "/workspace/cargo-home/bin/cargo" "+af3c6e733a40e671550e0f0f5aeecaa13772ba56" "read-manifest" "--manifest-path" "Cargo.toml", kill_on_drop: false }`
[INFO] started tweaking git repo https://github.com/lukeasrodgers/rust-cat
[INFO] finished tweaking git repo https://github.com/lukeasrodgers/rust-cat
[INFO] tweaked toml for git repo https://github.com/lukeasrodgers/rust-cat written to /workspace/builds/worker-1/source/Cargo.toml
[INFO] crate git repo https://github.com/lukeasrodgers/rust-cat already has a lockfile, it will not be regenerated
[INFO] running `Command { std: "/workspace/cargo-home/bin/cargo" "+af3c6e733a40e671550e0f0f5aeecaa13772ba56" "fetch" "--locked" "--manifest-path" "Cargo.toml", kill_on_drop: false }`
[INFO] [stderr] error: the lock file /workspace/builds/worker-1/source/Cargo.lock needs to be updated but --locked was passed to prevent this
[INFO] [stderr] If you want to try to generate the lock file without accessing the network, use the --offline flag.
[INFO] the lockfile is outdated, regenerating it
[INFO] running `Command { std: "/workspace/cargo-home/bin/cargo" "+af3c6e733a40e671550e0f0f5aeecaa13772ba56" "generate-lockfile" "--manifest-path" "Cargo.toml" "-Zno-index-update", kill_on_drop: false }`
[INFO] running `Command { std: "/workspace/cargo-home/bin/cargo" "+af3c6e733a40e671550e0f0f5aeecaa13772ba56" "fetch" "--locked" "--manifest-path" "Cargo.toml", kill_on_drop: false }`
[INFO] running `Command { std: "docker" "create" "-v" "/var/lib/crater-agent-workspace/builds/worker-1/target:/opt/rustwide/target:rw,Z" "-v" "/var/lib/crater-agent-workspace/builds/worker-1/source:/opt/rustwide/workdir:ro,Z" "-v" "/var/lib/crater-agent-workspace/cargo-home:/opt/rustwide/cargo-home:ro,Z" "-v" "/var/lib/crater-agent-workspace/rustup-home:/opt/rustwide/rustup-home:ro,Z" "-e" "SOURCE_DIR=/opt/rustwide/workdir" "-e" "CARGO_TARGET_DIR=/opt/rustwide/target" "-e" "CARGO_HOME=/opt/rustwide/cargo-home" "-e" "RUSTUP_HOME=/opt/rustwide/rustup-home" "-w" "/opt/rustwide/workdir" "-m" "1610612736" "--user" "0:0" "--network" "none" "rustops/crates-build-env@sha256:d92eaeed33fa75130ca1ee6c8a01d1ffb62bac859dfdfb3450e3e5d1c0146529" "/opt/rustwide/cargo-home/bin/cargo" "+af3c6e733a40e671550e0f0f5aeecaa13772ba56" "metadata" "--no-deps" "--format-version=1", kill_on_drop: false }`
[INFO] [stderr] WARNING: Your kernel does not support swap limit capabilities or the cgroup is not mounted. Memory limited without swap.
[INFO] [stdout] 29cfba3f19c1cbfcc02586a62e4fb31383d8cbc554c600f4e18b0f5c41d795a6
[INFO] running `Command { std: "docker" "start" "-a" "29cfba3f19c1cbfcc02586a62e4fb31383d8cbc554c600f4e18b0f5c41d795a6", kill_on_drop: false }`
[INFO] running `Command { std: "docker" "inspect" "29cfba3f19c1cbfcc02586a62e4fb31383d8cbc554c600f4e18b0f5c41d795a6", kill_on_drop: false }`
[INFO] running `Command { std: "docker" "rm" "-f" "29cfba3f19c1cbfcc02586a62e4fb31383d8cbc554c600f4e18b0f5c41d795a6", kill_on_drop: false }`
[INFO] [stdout] 29cfba3f19c1cbfcc02586a62e4fb31383d8cbc554c600f4e18b0f5c41d795a6
[INFO] running `Command { std: "docker" "create" "-v" "/var/lib/crater-agent-workspace/builds/worker-1/target:/opt/rustwide/target:rw,Z" "-v" "/var/lib/crater-agent-workspace/builds/worker-1/source:/opt/rustwide/workdir:ro,Z" "-v" "/var/lib/crater-agent-workspace/cargo-home:/opt/rustwide/cargo-home:ro,Z" "-v" "/var/lib/crater-agent-workspace/rustup-home:/opt/rustwide/rustup-home:ro,Z" "-e" "SOURCE_DIR=/opt/rustwide/workdir" "-e" "CARGO_TARGET_DIR=/opt/rustwide/target" "-e" "CARGO_INCREMENTAL=0" "-e" "RUST_BACKTRACE=full" "-e" "RUSTFLAGS=--cap-lints=forbid" "-e" "CARGO_HOME=/opt/rustwide/cargo-home" "-e" "RUSTUP_HOME=/opt/rustwide/rustup-home" "-w" "/opt/rustwide/workdir" "-m" "1610612736" "--user" "0:0" "--network" "none" "rustops/crates-build-env@sha256:d92eaeed33fa75130ca1ee6c8a01d1ffb62bac859dfdfb3450e3e5d1c0146529" "/opt/rustwide/cargo-home/bin/cargo" "+af3c6e733a40e671550e0f0f5aeecaa13772ba56" "check" "--frozen" "--all" "--all-targets" "--message-format=json", kill_on_drop: false }`
[INFO] [stdout] 3aaa9f6b15aa9c56b5fd0855b911034fd87e199af4f93c35e2b3cd4a190afda5
[INFO] [stderr] WARNING: Your kernel does not support swap limit capabilities or the cgroup is not mounted. Memory limited without swap.
[INFO] running `Command { std: "docker" "start" "-a" "3aaa9f6b15aa9c56b5fd0855b911034fd87e199af4f93c35e2b3cd4a190afda5", kill_on_drop: false }`
[INFO] [stderr]     Checking getopts v0.1.4
[INFO] [stdout] error: expected parameter name, found `:`
[INFO] [stdout]    --> /opt/rustwide/cargo-home/registry/src/github.com-1ecc6299db9ec823/getopts-0.1.4/src/lib.rs:864:28
[INFO] [stdout]     |
[INFO] [stdout] 864 |     let mut machine = |&mut: cont: &mut bool, (i, c): (usize, char)| {
[INFO] [stdout]     |                            ^ expected parameter name
[INFO] [stdout] 
[INFO] [stdout] 
[INFO] [stdout] error: cannot find derive macro `Show` in this scope
[INFO] [stdout]    --> /opt/rustwide/cargo-home/registry/src/github.com-1ecc6299db9ec823/getopts-0.1.4/src/lib.rs:192:32
[INFO] [stdout]     |
[INFO] [stdout] 192 | #[derive(Clone, PartialEq, Eq, Show)]
[INFO] [stdout]     |                                ^^^^
[INFO] [stdout] 
[INFO] [stdout] 
[INFO] [stdout] error[E0405]: cannot find trait `String` in module `fmt`
[INFO] [stdout]    --> /opt/rustwide/cargo-home/registry/src/github.com-1ecc6299db9ec823/getopts-0.1.4/src/lib.rs:529:11
[INFO] [stdout]     |
[INFO] [stdout] 529 | impl fmt::String for Fail {
[INFO] [stdout]     |           ^^^^^^ not found in `fmt`
[INFO] [stdout] 
[INFO] [stdout] 
[INFO] [stdout] error[E0425]: cannot find function `range` in this scope
[INFO] [stdout]    --> /opt/rustwide/cargo-home/registry/src/github.com-1ecc6299db9ec823/getopts-0.1.4/src/lib.rs:565:20
[INFO] [stdout]     |
[INFO] [stdout] 565 |     let mut vals = range(0, n_opts).map(f).collect::<Vec<_>>();
[INFO] [stdout]     |                    ^^^^^ not found in this scope
[INFO] [stdout] 
[INFO] [stdout] 
[INFO] [stdout] error[E0425]: cannot find function `range` in this scope
[INFO] [stdout]    --> /opt/rustwide/cargo-home/registry/src/github.com-1ecc6299db9ec823/getopts-0.1.4/src/lib.rs:667:14
[INFO] [stdout]     |
[INFO] [stdout] 667 |     for i in range(0, n_opts) {
[INFO] [stdout]     |              ^^^^^ not found in this scope
[INFO] [stdout] 
[INFO] [stdout] 
[INFO] [stdout] error[E0425]: cannot find function `range` in this scope
[INFO] [stdout]    --> /opt/rustwide/cargo-home/registry/src/github.com-1ecc6299db9ec823/getopts-0.1.4/src/lib.rs:735:22
[INFO] [stdout]     |
[INFO] [stdout] 735 |             for _ in range(0, 24 - rowlen) {
[INFO] [stdout]     |                      ^^^^^ not found in this scope
[INFO] [stdout] 
[INFO] [stdout] 
[INFO] [stdout] error: aborting due to 6 previous errors
[INFO] [stdout] 
[INFO] [stdout] 
[INFO] [stdout] Some errors have detailed explanations: E0405, E0425.
[INFO] [stdout] 
[INFO] [stdout] For more information about an error, try `rustc --explain E0405`.
[INFO] [stdout] 
[INFO] [stderr] error: could not compile `getopts`.
[INFO] [stderr] 
[INFO] [stderr] To learn more, run the command again with --verbose.
[INFO] running `Command { std: "docker" "inspect" "3aaa9f6b15aa9c56b5fd0855b911034fd87e199af4f93c35e2b3cd4a190afda5", kill_on_drop: false }`
[INFO] running `Command { std: "docker" "rm" "-f" "3aaa9f6b15aa9c56b5fd0855b911034fd87e199af4f93c35e2b3cd4a190afda5", kill_on_drop: false }`
[INFO] [stdout] 3aaa9f6b15aa9c56b5fd0855b911034fd87e199af4f93c35e2b3cd4a190afda5
